What are the prime factors of 2325505?
5, 7, 13, 19, 269
List the prime factors of 726324.
2, 3, 60527
What are the prime factors of 122784?
2, 3, 1279
List the prime factors of 156374.
2, 41, 1907
List the prime factors of 1842946.
2, 7, 131639
List the prime factors of 8584489.
31, 276919
List the prime factors of 3096404.
2, 31, 24971
What are the prime factors of 23751307?
23751307
What are the prime factors of 2016374?
2, 1008187
List the prime factors of 2050863.
3, 17, 40213
What are the prime factors of 648320?
2, 5, 1013
List the prime factors of 6568376.
2, 19, 79, 547
What are the prime factors of 6203937?
3, 19, 31, 3511
What are the prime factors of 10335644?
2, 11, 467, 503
List the prime factors of 397903.
11, 61, 593
What are the prime factors of 9929663?
9929663
List the prime factors of 4385415.
3, 5, 31, 9431
List the prime factors of 5274619.
7, 31, 109, 223
List the prime factors of 216422.
2, 108211
What are the prime factors of 17847?
3, 661
List the prime factors of 9645653.
9645653
List the prime factors of 956917.
13, 73609
What are the prime factors of 1966209?
3, 7, 93629
What are the prime factors of 4356921?
3, 257, 5651
List the prime factors of 42131.
42131
List the prime factors of 17392279.
17392279
List the prime factors of 7528765.
5, 1505753
List the prime factors of 68364.
2, 3, 211
What are the prime factors of 4568821?
4568821
What are the prime factors of 1453638?
2, 3, 242273
What are the prime factors of 2588699?
41, 103, 613
List the prime factors of 5277960.
2, 3, 5, 181
List the prime factors of 266750.
2, 5, 11, 97
What are the prime factors of 768019?
7, 109717
What are the prime factors of 8717604?
2, 3, 7, 59, 1759
What are the prime factors of 365703?
3, 13, 9377
List the prime factors of 593921.
19, 31259
List the prime factors of 468400.
2, 5, 1171
List the prime factors of 36124.
2, 11, 821
List the prime factors of 14427738.
2, 3, 13, 61657
List the prime factors of 1360369.
101, 13469
List the prime factors of 542263.
542263
What are the prime factors of 675825?
3, 5, 9011
List the prime factors of 3566.
2, 1783
List the prime factors of 212593.
212593
List the prime factors of 274436.
2, 19, 23, 157
What are the prime factors of 27780?
2, 3, 5, 463
What are the prime factors of 16473129?
3, 23, 193, 1237
List the prime factors of 5624066.
2, 7, 73, 5503
What are the prime factors of 344330?
2, 5, 7, 4919
What are the prime factors of 2240987?
7, 320141
What are the prime factors of 43794?
2, 3, 811
What are the prime factors of 2174745?
3, 5, 144983
List the prime factors of 484251.
3, 31, 41, 127
List the prime factors of 10447563.
3, 7, 499, 997
List the prime factors of 3753516.
2, 3, 13, 24061
What are the prime factors of 2050483?
97, 21139
What are the prime factors of 2317622?
2, 29, 31, 1289
List the prime factors of 9533471.
113, 239, 353
List the prime factors of 1334836.
2, 307, 1087
List the prime factors of 3500033.
3500033
List the prime factors of 1378912.
2, 41, 1051
What are the prime factors of 4475044?
2, 7, 181, 883
List the prime factors of 149962.
2, 97, 773
What are the prime factors of 24705?
3, 5, 61
What are the prime factors of 26164994?
2, 37, 47, 7523
What are the prime factors of 854992?
2, 53437
What are the prime factors of 1049524?
2, 7, 37483
What are the prime factors of 262503?
3, 29167
What are the prime factors of 17321627?
877, 19751
List the prime factors of 1204224.
2, 3, 7
List the prime factors of 24219867.
3, 7, 37, 61, 73
What are the prime factors of 473937?
3, 239, 661
List the prime factors of 63137.
19, 3323
What are the prime factors of 194075?
5, 7, 1109
What are the prime factors of 6357014?
2, 17, 59, 3169
List the prime factors of 7920530.
2, 5, 19, 41687
List the prime factors of 35518907.
35518907
What are the prime factors of 207094?
2, 17, 6091
What are the prime factors of 1970947?
11, 233, 769
List the prime factors of 12847290.
2, 3, 5, 29, 14767
What are the prime factors of 16593997?
7, 101, 479
List the prime factors of 2502030.
2, 3, 5, 83401
List the prime factors of 166536.
2, 3, 257
List the prime factors of 10996.
2, 2749
List the prime factors of 190116.
2, 3, 5281
List the prime factors of 18398.
2, 9199
List the prime factors of 1412820.
2, 3, 5, 47, 167
List the prime factors of 320112.
2, 3, 13, 19
List the prime factors of 1897367.
1897367
What are the prime factors of 79487?
101, 787
What are the prime factors of 1559590?
2, 5, 263, 593
List the prime factors of 24089075.
5, 79, 12197
What are the prime factors of 768896?
2, 6007
What are the prime factors of 6982709?
19, 59, 6229
List the prime factors of 787829.
7, 241, 467
What are the prime factors of 78885?
3, 5, 1753
What are the prime factors of 1322500?
2, 5, 23
What are the prime factors of 377316?
2, 3, 47, 223
List the prime factors of 20700972.
2, 3, 575027
What are the prime factors of 7676474?
2, 13, 29, 10181
List the prime factors of 908835.
3, 5, 60589
List the prime factors of 2341425.
3, 5, 31219
List the prime factors of 10320864.
2, 3, 107509
What are the prime factors of 14311738?
2, 7, 937, 1091
List the prime factors of 13467638.
2, 17, 396107
What are the prime factors of 251618?
2, 97, 1297
List the prime factors of 2084160.
2, 3, 5, 13, 167
What are the prime factors of 20965438?
2, 13, 806363
List the prime factors of 13298225.
5, 31, 17159
What are the prime factors of 1625723?
11, 147793
List the prime factors of 157592.
2, 19699
What are the prime factors of 6114894?
2, 3, 331, 3079
List the prime factors of 29829009.
3, 7, 1420429
List the prime factors of 27202118.
2, 13601059
List the prime factors of 18833631.
3, 419, 14983
What are the prime factors of 4114800?
2, 3, 5, 127
What are the prime factors of 1691426?
2, 11, 76883
What are the prime factors of 10067194?
2, 1013, 4969
What are the prime factors of 104368?
2, 11, 593
List the prime factors of 4296203.
59, 72817
What are the prime factors of 10267135?
5, 2053427
List the prime factors of 312788.
2, 7, 11171
What are the prime factors of 873049?
873049
List the prime factors of 10198023.
3, 11, 309031
What are the prime factors of 4233134?
2, 107, 131, 151
What are the prime factors of 6142360?
2, 5, 7, 21937
List the prime factors of 98429.
98429
What are the prime factors of 155022?
2, 3, 7, 3691
What are the prime factors of 3519507?
3, 43, 27283
What are the prime factors of 1794506?
2, 7, 23, 5573
List the prime factors of 287765.
5, 67, 859
What are the prime factors of 1853566?
2, 11, 13, 6481
What are the prime factors of 8574998?
2, 23, 131, 1423
List the prime factors of 3135863.
113, 27751
List the prime factors of 1034996.
2, 353, 733
What are the prime factors of 15303266?
2, 11, 695603
What are the prime factors of 294397?
294397
What are the prime factors of 1255502?
2, 41, 61, 251
What are the prime factors of 834594?
2, 3, 19, 7321
What are the prime factors of 453650?
2, 5, 43, 211
List the prime factors of 448912.
2, 28057
List the prime factors of 9222311.
7, 103, 12791
List the prime factors of 7959843.
3, 294809
List the prime factors of 15541806.
2, 3, 7, 509, 727
List the prime factors of 3551828.
2, 7, 126851
List the prime factors of 254751.
3, 7, 1733
List the prime factors of 15587229.
3, 7, 101, 7349
What are the prime factors of 840617?
19, 151, 293
What are the prime factors of 1369794?
2, 3, 228299
List the prime factors of 1218362.
2, 31, 43, 457
What are the prime factors of 33986?
2, 16993
List the prime factors of 4796834.
2, 7, 23, 14897
List the prime factors of 26246.
2, 11, 1193
What are the prime factors of 22242048?
2, 3, 28961
What are the prime factors of 459152?
2, 28697
What are the prime factors of 753840?
2, 3, 5, 349
What are the prime factors of 4589245?
5, 917849
What are the prime factors of 406566?
2, 3, 7529
What are the prime factors of 11113008?
2, 3, 127, 1823
What are the prime factors of 2362252?
2, 17, 34739
List the prime factors of 169413.
3, 149, 379
List the prime factors of 30183485.
5, 6036697
What are the prime factors of 13765532?
2, 11, 193, 1621
List the prime factors of 10171.
7, 1453
List the prime factors of 1195966.
2, 61, 9803
List the prime factors of 246101.
431, 571
What are the prime fact